{"id":6001,"date":"2019-07-18T20:02:16","date_gmt":"2019-07-18T18:02:16","guid":{"rendered":"https:\/\/melcaramel.com\/shop\/bio-honig-von-son-real\/"},"modified":"2025-12-09T18:36:57","modified_gmt":"2025-12-09T17:36:57","slug":"bio-honig-von-son-real","status":"publish","type":"product","link":"https:\/\/melcaramel.com\/de\/shop\/bio-honig-von-son-real\/","title":{"rendered":"Bio-Honig von Son Real"},"content":{"rendered":"<h2>Organoleptische Merkmale<\/h2>\n<h3>Farbe<\/h3>\n<p>Bernsteinfarben mit r\u00f6tlichen Reflexen, max. 83 mm Pfund<\/p>\n<h3>Aroma<\/h3>\n<p>Sehr schwache blumig<\/p>\n<h3>Geschmack<\/h3>\n<p>S\u00fc\u00df mit s\u00e4uerlichen Noten<\/p>\n<h3>Konsistenz<\/h3>\n<p>Schnelle Kristallisation in sehr feinen Kristallen<\/p>\n<h2>Pollenspektrum<\/h2>\n<p>20,4 % Hornklee (Lotus spp) als Haupttracht, 11,1 % Stechpalmen-Kreuzdorn (Rhamnus alaternus), 6,1 % Gamander (Teucrium spp), 3,7 % Milchfleckdistel (Galactites tomentosa) und 2,3 % Rosmarin (Rosmarinus officinalis) als repr\u00e4sentativste Beitrachten<\/p>\n<h2>Geografische Herkunft<\/h2>\n<p>Das Gut Son Real erstreckt sich an der Nordostk\u00fcste Mallorcas in der Gemeinde Santa Margalida \u00fcber eine Fl\u00e4che von 380 Hektar. Auf dem direkt am Meeresufer gelegenen Anwesen finden sich f\u00fcr den westlichen Mittelmeerraum einzigartige arch\u00e4ologische Fundst\u00e4tten und ein D\u00fcnensystem mit einer charakteristischen, an den maritimen Standort angepassten Vegetation. Hinzu kommt eine wundersch\u00f3ne K\u00fcstenlinie mit unber\u00fchrten Str\u00e4nden, an denen sich die vielf\u00e4ltigen Blaut\u00f6ne des Mittelmeeres bewundern lassen.<\/p>\n<h2>Botanische Herkunft<\/h2>\n<p>Die floristische Einzigartigkeit von Son Real ist auf die sandigen B\u00f6den zur\u00fcckzuf\u00fchren, die seine vielf\u00e4ltige Bl\u00fctenvegetation pr\u00e4gen. F\u00fcr die Bienen besonders interessant sind in dieser Landschaft der Klee und der Hornklee (Lotus\/ Trifolium spp.), der Schneckenklee (Medicago spp.), die Brombeere (Teucrium spp.), der Rosmarin (Rosmarinus officinalis), die Korbbl\u00fctler (Asteraceae), die Affodillgew\u00e4chse (Asphodelus spp. ), die Wei\u00dfliche Zistrose (Cistus albidus) und die Montpellier-Zistrose (Cistus monspeliensis), der Stechpalmen-Kreuzdorn (Rhamnus alaternus), die Wolfsmilchgew\u00e4chse (Euphorbia spp.) und die Vielbl\u00fctige Heide (Erica multiflora). Im zentralen Bereich des Anwesens stehen dar\u00fcber hinaus auch Mandelb\u00e4ume (Prunus dulcis) und Johannisbrotb\u00e4ume (Ceratonia siliqua).<\/p>\n","protected":false},"excerpt":{"rendered":"<p>Nettogewicht <strong>450 g<\/strong><\/p>\n","protected":false},"featured_media":6002,"comment_status":"open","ping_status":"closed","template":"","meta":{"inline_featured_image":false},"product_brand":[],"product_cat":[127,234,181,185,197,227,221],"product_tag":[128],"class_list":{"0":"post-6001","1":"product","2":"type-product","3":"status-publish","4":"has-post-thumbnail","6":"product_cat-bio-honig","7":"product_cat-premi-guanyador-del-concurs-biolmiel-2025","8":"product_cat-premi-medalla-or-2018","9":"product_cat-premi-medalla-or-2020","10":"product_cat-premi-medalla-or-2023","11":"product_cat-premi-medalla-or-2025","12":"product_cat-premi-medalla-plata-2024","13":"product_tag-klarer-honig","15":"first","16":"outofstock","17":"taxable","18":"shipping-taxable","19":"purchasable","20":"product-type-simple","21":"woo-variation-gallery-product"},"_links":{"self":[{"href":"https:\/\/melcaramel.com\/de\/wp-json\/wp\/v2\/product\/6001","targetHints":{"allow":["GET"]}}],"collection":[{"href":"https:\/\/melcaramel.com\/de\/wp-json\/wp\/v2\/product"}],"about":[{"href":"https:\/\/melcaramel.com\/de\/wp-json\/wp\/v2\/types\/product"}],"replies":[{"embeddable":true,"href":"https:\/\/melcaramel.com\/de\/wp-json\/wp\/v2\/comments?post=6001"}],"wp:featuredmedia":[{"embeddable":true,"href":"https:\/\/melcaramel.com\/de\/wp-json\/wp\/v2\/media\/6002"}],"wp:attachment":[{"href":"https:\/\/melcaramel.com\/de\/wp-json\/wp\/v2\/media?parent=6001"}],"wp:term":[{"taxonomy":"product_brand","embeddable":true,"href":"https:\/\/melcaramel.com\/de\/wp-json\/wp\/v2\/product_brand?post=6001"},{"taxonomy":"product_cat","embeddable":true,"href":"https:\/\/melcaramel.com\/de\/wp-json\/wp\/v2\/product_cat?post=6001"},{"taxonomy":"product_tag","embeddable":true,"href":"https:\/\/melcaramel.com\/de\/wp-json\/wp\/v2\/product_tag?post=6001"}],"curies":[{"name":"wp","href":"https:\/\/api.w.org\/{rel}","templated":true}]}}

<h2>Organoleptische Merkmale</h2>
<h3>Farbe</h3>
<p>Bernsteinfarben mit rötlichen Reflexen, max. 83 mm Pfund</p>
<h3>Aroma</h3>
<p>Sehr schwache blumig</p>
<h3>Geschmack</h3>
<p>Süß mit säuerlichen Noten</p>
<h3>Konsistenz</h3>
<p>Schnelle Kristallisation in sehr feinen Kristallen</p>
<h2>Pollenspektrum</h2>
<p>20,4 % Hornklee (Lotus spp) als Haupttracht, 11,1 % Stechpalmen-Kreuzdorn (Rhamnus alaternus), 6,1 % Gamander (Teucrium spp), 3,7 % Milchfleckdistel (Galactites tomentosa) und 2,3 % Rosmarin (Rosmarinus officinalis) als repräsentativste Beitrachten</p>
<h2>Geografische Herkunft</h2>
<p>Das Gut Son Real erstreckt sich an der Nordostküste Mallorcas in der Gemeinde Santa Margalida über eine Fläche von 380 Hektar. Auf dem direkt am Meeresufer gelegenen Anwesen finden sich für den westlichen Mittelmeerraum einzigartige archäologische Fundstätten und ein Dünensystem mit einer charakteristischen, an den maritimen Standort angepassten Vegetation. Hinzu kommt eine wunderschóne Küstenlinie mit unberührten Stränden, an denen sich die vielfältigen Blautöne des Mittelmeeres bewundern lassen.</p>
<h2>Botanische Herkunft</h2>
<p>Die floristische Einzigartigkeit von Son Real ist auf die sandigen Böden zurückzuführen, die seine vielfältige Blütenvegetation prägen. Für die Bienen besonders interessant sind in dieser Landschaft der Klee und der Hornklee (Lotus/ Trifolium spp.), der Schneckenklee (Medicago spp.), die Brombeere (Teucrium spp.), der Rosmarin (Rosmarinus officinalis), die Korbblütler (Asteraceae), die Affodillgewächse (Asphodelus spp. ), die Weißliche Zistrose (Cistus albidus) und die Montpellier-Zistrose (Cistus monspeliensis), der Stechpalmen-Kreuzdorn (Rhamnus alaternus), die Wolfsmilchgewächse (Euphorbia spp.) und die Vielblütige Heide (Erica multiflora). Im zentralen Bereich des Anwesens stehen darüber hinaus auch Mandelbäume (Prunus dulcis) und Johannisbrotbäume (Ceratonia siliqua).</p>
