{"id":4234,"date":"2020-02-12T16:46:21","date_gmt":"2020-02-12T15:46:21","guid":{"rendered":"https:\/\/melcaramel.com\/apicultura-ecologica\/"},"modified":"2020-12-11T12:47:35","modified_gmt":"2020-12-11T11:47:35","slug":"apicultura-ecologica","status":"publish","type":"page","link":"https:\/\/melcaramel.com\/es\/apicultura-ecologica\/","title":{"rendered":"Apicultura ecol\u00f3gica"},"content":{"rendered":"<div class=\"wpb-content-wrapper\"><p>[vc_row css_animation=\u00bbslideInLeft\u00bb el_class=\u00bbmel-col-color-right slider-mel\u00bb bb_sm_mode=\u00bbno\u00bb el_id=\u00bbpagina-servicios\u00bb][vc_column css_animation=\u00bbfadeIn\u00bb offset=\u00bbvc_col-lg-offset-1 vc_col-lg-10 vc_col-md-offset-0 vc_col-md-12 vc_col-sm-offset-0 vc_col-xs-12&#8243; bb_sm_mode=\u00bbno\u00bb el_class=\u00bbwow\u00bb]<div id='bbsm-69ef50e0e9b8e' class='mel-foto-efecto wow fadeIn mel-vertical-down-2  bbsm-text-'>[vc_single_image image=\u00bb3506&#8243; img_size=\u00bbfull\u00bb]<\/div>[\/vc_column][\/vc_row][vc_row css_animation=\u00bbslideInLeft\u00bb el_class=\u00bbmel-col-color-right slider-mel\u00bb bb_sm_mode=\u00bbno\u00bb][vc_column width=\u00bb5\/6&#8243; offset=\u00bbvc_col-lg-offset-2 vc_col-lg-9 vc_col-md-offset-1 vc_col-md-10 vc_col-sm-offset-1 vc_col-xs-offset-1 vc_col-xs-10&#8243; bb_sm_mode=\u00bbno\u00bb][vc_row_inner][vc_column_inner offset=\u00bbvc_col-lg-offset-0 vc_col-lg-12 vc_col-md-offset-0 vc_col-md-12 vc_col-xs-12&#8243;]<div id='bbsm-69ef50e0e9bfe' class='mel-vertical-down-2  bbsm-text-'>[vc_custom_heading text=\u00bbApicultura\u00bb font_container=\u00bbtag:h1|text_align:left\u00bb use_theme_fonts=\u00bbyes\u00bb css_animation=\u00bbfadeIn\u00bb el_class=\u00bbmel-title-1&#8243;][vc_custom_heading text=\u00bbecol\u00f3gica\u00bb use_theme_fonts=\u00bbyes\u00bb css_animation=\u00bbfadeIn\u00bb el_class=\u00bbmel-title-2&#8243;]<\/div>[\/vc_column_inner][\/vc_row_inner][vc_row_inner equal_height=\u00bbyes\u00bb][vc_column_inner width=\u00bb11\/12&#8243; offset=\u00bbvc_col-lg-offset-1 vc_col-lg-11 vc_col-md-offset-1 vc_col-md-11 vc_col-sm-offset-1 vc_col-xs-12&#8243; css=\u00bb.vc_custom_1583327489827{padding-bottom: 100px !important;}\u00bb][vc_column_text css_animation=\u00bbfadeIn\u00bb el_class=\u00bbmel-box-body\u00bb]Actualmente, sigo el reglamento (UE) 2018\/848 del Parlament y el Consell, del 30 de mayo de 2018, sobre producci\u00f3n y etiquetado de los productos ecol\u00f3gicos.<\/p>\n<p>Pero en el caso de Mel Caramel no es solo un reglamento que se tiene que cumplir estrictamente para poder tener una certificaci\u00f3n de la miel, el polen, el pr\u00f3polis u otros productos ap\u00edcolas que comercializo, sino tambi\u00e9n una filosof\u00eda de producci\u00f3n \u00e9tica aplicada a la ganader\u00eda con abejas, que permite elaborar un producto de calidad reconocido internacionalmente sin dejar de asegurar el bienestar de mis abejas.<\/p>\n<p>Este manejo respetuoso de las abejas, junto con la localizaci\u00f3n privilegiada de las fincas donde se sit\u00faan mis apiarios, me permite ofrecer a mis clientes unos productos ap\u00edcolas de gran calidad, de producci\u00f3n limitada y \u00fanicos en el mercado.[\/vc_column_text][\/vc_column_inner][\/vc_row_inner][\/vc_column][\/vc_row]<\/p>\n<\/div>","protected":false},"excerpt":{"rendered":"<p>[vc_row css_animation=\u00bbslideInLeft\u00bb el_class=\u00bbmel-col-color-right slider-mel\u00bb bb_sm_mode=\u00bbno\u00bb el_id=\u00bbpagina-servicios\u00bb][vc_column css_animation=\u00bbfadeIn\u00bb offset=\u00bbvc_col-lg-offset-1 vc_col-lg-10 vc_col-md-offset-0 vc_col-md-12 vc_col-sm-offset-0 vc_col-xs-12&#8243; bb_sm_mode=\u00bbno\u00bb el_class=\u00bbwow\u00bb][\/vc_column][\/vc_row][vc_row css_animation=\u00bbslideInLeft\u00bb el_class=\u00bbmel-col-color-right slider-mel\u00bb bb_sm_mode=\u00bbno\u00bb][vc_column width=\u00bb5\/6&#8243; offset=\u00bbvc_col-lg-offset-2 vc_col-lg-9 vc_col-md-offset-1 vc_col-md-10 vc_col-sm-offset-1 vc_col-xs-offset-1 vc_col-xs-10&#8243; bb_sm_mode=\u00bbno\u00bb][vc_row_inner][vc_column_inner offset=\u00bbvc_col-lg-offset-0 vc_col-lg-12 vc_col-md-offset-0 vc_col-md-12 vc_col-xs-12&#8243;][\/vc_column_inner][\/vc_row_inner][vc_row_inner equal_height=\u00bbyes\u00bb][vc_column_inner width=\u00bb11\/12&#8243; offset=\u00bbvc_col-lg-offset-1 vc_col-lg-11 vc_col-md-offset-1 vc_col-md-11 vc_col-sm-offset-1 vc_col-xs-12&#8243; css=\u00bb.vc_custom_1583327489827{padding-bottom: 100px !important;}\u00bb][vc_column_text css_animation=\u00bbfadeIn\u00bb el_class=\u00bbmel-box-body\u00bb]Actualmente, sigo el reglamento (UE) 2018\/848 del Parlament y el [&hellip;]<\/p>\n","protected":false},"author":1,"featured_media":0,"parent":0,"menu_order":2,"comment_status":"closed","ping_status":"closed","template":"page-NoTitleBar.php","meta":{"inline_featured_image":false,"footnotes":""},"class_list":["post-4234","page","type-page","status-publish","hentry"],"_links":{"self":[{"href":"https:\/\/melcaramel.com\/es\/wp-json\/wp\/v2\/pages\/4234","targetHints":{"allow":["GET"]}}],"collection":[{"href":"https:\/\/melcaramel.com\/es\/wp-json\/wp\/v2\/pages"}],"about":[{"href":"https:\/\/melcaramel.com\/es\/wp-json\/wp\/v2\/types\/page"}],"author":[{"embeddable":true,"href":"https:\/\/melcaramel.com\/es\/wp-json\/wp\/v2\/users\/1"}],"replies":[{"embeddable":true,"href":"https:\/\/melcaramel.com\/es\/wp-json\/wp\/v2\/comments?post=4234"}],"version-history":[{"count":1,"href":"https:\/\/melcaramel.com\/es\/wp-json\/wp\/v2\/pages\/4234\/revisions"}],"predecessor-version":[{"id":5013,"href":"https:\/\/melcaramel.com\/es\/wp-json\/wp\/v2\/pages\/4234\/revisions\/5013"}],"wp:attachment":[{"href":"https:\/\/melcaramel.com\/es\/wp-json\/wp\/v2\/media?parent=4234"}],"curies":[{"name":"wp","href":"https:\/\/api.w.org\/{rel}","templated":true}]}}

Apicultura ecológica

<div class="wpb-content-wrapper"><p>[vc_row css_animation=»slideInLeft» el_class=»mel-col-color-right slider-mel» bb_sm_mode=»no» el_id=»pagina-servicios»][vc_column css_animation=»fadeIn» offset=»vc_col-lg-offset-1 vc_col-lg-10 vc_col-md-offset-0 vc_col-md-12 vc_col-sm-offset-0 vc_col-xs-12&#8243; bb_sm_mode=»no» el_class=»wow»]<div id='bbsm-69ef50e0e9b8e' class='mel-foto-efecto wow fadeIn mel-vertical-down-2  bbsm-text-'>[vc_single_image image=»3506&#8243; img_size=»full»]</div>[/vc_column][/vc_row][vc_row css_animation=»slideInLeft» el_class=»mel-col-color-right slider-mel» bb_sm_mode=»no»][vc_column width=»5/6&#8243; offset=»vc_col-lg-offset-2 vc_col-lg-9 vc_col-md-offset-1 vc_col-md-10 vc_col-sm-offset-1 vc_col-xs-offset-1 vc_col-xs-10&#8243; bb_sm_mode=»no»][vc_row_inner][vc_column_inner offset=»vc_col-lg-offset-0 vc_col-lg-12 vc_col-md-offset-0 vc_col-md-12 vc_col-xs-12&#8243;]<div id='bbsm-69ef50e0e9bfe' class='mel-vertical-down-2  bbsm-text-'>[vc_custom_heading text=»Apicultura» font_container=»tag:h1|text_align:left» use_theme_fonts=»yes» css_animation=»fadeIn» el_class=»mel-title-1&#8243;][vc_custom_heading text=»ecológica» use_theme_fonts=»yes» css_animation=»fadeIn» el_class=»mel-title-2&#8243;]</div>[/vc_column_inner][/vc_row_inner][vc_row_inner equal_height=»yes»][vc_column_inner width=»11/12&#8243; offset=»vc_col-lg-offset-1 vc_col-lg-11 vc_col-md-offset-1 vc_col-md-11 vc_col-sm-offset-1 vc_col-xs-12&#8243; css=».vc_custom_1583327489827{padding-bottom: 100px !important;}»][vc_column_text css_animation=»fadeIn» el_class=»mel-box-body»]Actualmente, sigo el reglamento (UE) 2018/848 del Parlament y el Consell, del 30 de mayo de 2018, sobre producción y etiquetado de los productos ecológicos.</p>
<p>Pero en el caso de Mel Caramel no es solo un reglamento que se tiene que cumplir estrictamente para poder tener una certificación de la miel, el polen, el própolis u otros productos apícolas que comercializo, sino también una filosofía de producción ética aplicada a la ganadería con abejas, que permite elaborar un producto de calidad reconocido internacionalmente sin dejar de asegurar el bienestar de mis abejas.</p>
<p>Este manejo respetuoso de las abejas, junto con la localización privilegiada de las fincas donde se sitúan mis apiarios, me permite ofrecer a mis clientes unos productos apícolas de gran calidad, de producción limitada y únicos en el mercado.[/vc_column_text][/vc_column_inner][/vc_row_inner][/vc_column][/vc_row]</p>
</div>
