{"id":4098,"date":"2019-07-18T20:00:36","date_gmt":"2019-07-18T18:00:36","guid":{"rendered":"https:\/\/melcaramel.com\/shop\/mel-ecologica-es-rafal-de-planicia\/"},"modified":"2026-02-01T09:24:55","modified_gmt":"2026-02-01T08:24:55","slug":"miel-ecologica-de-es-rafal-de-planicia","status":"publish","type":"product","link":"https:\/\/melcaramel.com\/es\/tienda\/miel-ecologica-de-es-rafal-de-planicia\/","title":{"rendered":"Miel ecol\u00f3gica de Es Rafal de Plan\u00edcia"},"content":{"rendered":"<h2>Caracter\u00edsticas sensoriales<\/h2>\n<h3>Aspecto visual<\/h3>\n<p>Color \u00e1mbar muy oscuro casi negro, m\u00ednimo 90 mm Pfund.<\/p>\n<h3>Aroma<\/h3>\n<p>Floral y claramente malteado, muy intenso y persistente.<\/p>\n<h3>Gusto<\/h3>\n<p>Dulce con notas saladas por las aportaciones de mielatos.<\/p>\n<h3>Tacto<\/h3>\n<p>Cristalizaci\u00f3n muy lenta o no cristaliza.<\/p>\n<h2>Espectro pol\u00ednico<\/h2>\n<p>28,8 % de algarrobo (Ceratonia siliqua) como planta mel\u00edfera mayoritaria, 26,5\u202f % de esparraguera (Asparagus spp.), un 15,8 % de hiedra (Hedera helix) y un 7,3\u202f% de mirto (Myrtus communis) como plantas mel\u00edferas acompa\u00f1antes m\u00e1s representativas.<\/p>\n<h2>Origen geogr\u00e1fico<\/h2>\n<p>Es Rafal de Plan\u00edcia es una possessi\u00f3 (finca r\u00fastica) ubicada en el t\u00e9rmino de Banyalbufar, al oeste de la isla de Mallorca y en la Sierra de Tramuntana, declarada Patrimonio Mundial por la UNESCO. Tiene una extensi\u00f3n de 55 hect\u00e1reas y los rasgos singulares de la finca son : las terrazas de piedra en seco con cultivo de olivos centenarios adaptados al relieve monta\u00f1oso y su luz mediterr\u00e1nea que matiza un paisaje id\u00edlico de mar y monta\u00f1a.<\/p>\n<h2>Origen bot\u00e1nico<\/h2>\n<p>La flora de Es Rafal de Plan\u00edcia es de especial inter\u00e9s bot\u00e1nico desde el punto de vista ap\u00edcola, con una gran diversidad de comunidades vegetales y una gran riqueza de flora que incluye endemismos como por ejemplo la dedalera (Digitalis minor). Desde el punto de vista ap\u00edcola destaca su gran encinar (Quercus ilex) que sube monte arriba, los algarrobos (Ceratonia siliqua) muy caracter\u00edsticos del clima mediterr\u00e1neo, los asf\u00f3delos (Asphodelus spp.), jaras blancas (Cistus albidus), jaguarzos negros (Cistus monspeliensis), esparragueras (Asparagus spp.), brezos (Erica multiflora), madro\u00f1os (Arbutus unedo) y otras especies acompa\u00f1antes de la floraci\u00f3n dominante como las hiedras (Hedera helix) y murteras (Myrtus communis).<\/p>\n","protected":false},"excerpt":{"rendered":"<p>Peso Neto <strong>450 g<\/strong><\/p>\n","protected":false},"featured_media":4100,"comment_status":"open","ping_status":"closed","template":"","meta":{"inline_featured_image":false},"product_brand":[],"product_cat":[102,186,213],"product_tag":[113],"class_list":{"0":"post-4098","1":"product","2":"type-product","3":"status-publish","4":"has-post-thumbnail","6":"product_cat-miel-ecologica","7":"product_cat-premi-medalla-or-2020","8":"product_cat-premi-medalla-plata-2017","9":"product_tag-miel-oscura","11":"first","12":"outofstock","13":"taxable","14":"shipping-taxable","15":"purchasable","16":"product-type-simple","17":"woo-variation-gallery-product"},"_links":{"self":[{"href":"https:\/\/melcaramel.com\/es\/wp-json\/wp\/v2\/product\/4098","targetHints":{"allow":["GET"]}}],"collection":[{"href":"https:\/\/melcaramel.com\/es\/wp-json\/wp\/v2\/product"}],"about":[{"href":"https:\/\/melcaramel.com\/es\/wp-json\/wp\/v2\/types\/product"}],"replies":[{"embeddable":true,"href":"https:\/\/melcaramel.com\/es\/wp-json\/wp\/v2\/comments?post=4098"}],"wp:featuredmedia":[{"embeddable":true,"href":"https:\/\/melcaramel.com\/es\/wp-json\/wp\/v2\/media\/4100"}],"wp:attachment":[{"href":"https:\/\/melcaramel.com\/es\/wp-json\/wp\/v2\/media?parent=4098"}],"wp:term":[{"taxonomy":"product_brand","embeddable":true,"href":"https:\/\/melcaramel.com\/es\/wp-json\/wp\/v2\/product_brand?post=4098"},{"taxonomy":"product_cat","embeddable":true,"href":"https:\/\/melcaramel.com\/es\/wp-json\/wp\/v2\/product_cat?post=4098"},{"taxonomy":"product_tag","embeddable":true,"href":"https:\/\/melcaramel.com\/es\/wp-json\/wp\/v2\/product_tag?post=4098"}],"curies":[{"name":"wp","href":"https:\/\/api.w.org\/{rel}","templated":true}]}}

Miel ecológica de Es Rafal de Planícia

<h2>Características sensoriales</h2>
<h3>Aspecto visual</h3>
<p>Color ámbar muy oscuro casi negro, mínimo 90 mm Pfund.</p>
<h3>Aroma</h3>
<p>Floral y claramente malteado, muy intenso y persistente.</p>
<h3>Gusto</h3>
<p>Dulce con notas saladas por las aportaciones de mielatos.</p>
<h3>Tacto</h3>
<p>Cristalización muy lenta o no cristaliza.</p>
<h2>Espectro polínico</h2>
<p>28,8 % de algarrobo (Ceratonia siliqua) como planta melífera mayoritaria, 26,5  % de esparraguera (Asparagus spp.), un 15,8 % de hiedra (Hedera helix) y un 7,3 % de mirto (Myrtus communis) como plantas melíferas acompañantes más representativas.</p>
<h2>Origen geográfico</h2>
<p>Es Rafal de Planícia es una possessió (finca rústica) ubicada en el término de Banyalbufar, al oeste de la isla de Mallorca y en la Sierra de Tramuntana, declarada Patrimonio Mundial por la UNESCO. Tiene una extensión de 55 hectáreas y los rasgos singulares de la finca son : las terrazas de piedra en seco con cultivo de olivos centenarios adaptados al relieve montañoso y su luz mediterránea que matiza un paisaje idílico de mar y montaña.</p>
<h2>Origen botánico</h2>
<p>La flora de Es Rafal de Planícia es de especial interés botánico desde el punto de vista apícola, con una gran diversidad de comunidades vegetales y una gran riqueza de flora que incluye endemismos como por ejemplo la dedalera (Digitalis minor). Desde el punto de vista apícola destaca su gran encinar (Quercus ilex) que sube monte arriba, los algarrobos (Ceratonia siliqua) muy característicos del clima mediterráneo, los asfódelos (Asphodelus spp.), jaras blancas (Cistus albidus), jaguarzos negros (Cistus monspeliensis), esparragueras (Asparagus spp.), brezos (Erica multiflora), madroños (Arbutus unedo) y otras especies acompañantes de la floración dominante como las hiedras (Hedera helix) y murteras (Myrtus communis).</p>
