{"id":4110,"date":"2019-07-18T20:00:10","date_gmt":"2019-07-18T18:00:10","guid":{"rendered":"https:\/\/melcaramel.com\/shop\/monnaber-vell\/"},"modified":"2026-01-11T11:46:17","modified_gmt":"2026-01-11T10:46:17","slug":"miel-ecologica-de-monnaber-vell","status":"publish","type":"product","link":"https:\/\/melcaramel.com\/es\/tienda\/miel-ecologica-de-monnaber-vell\/","title":{"rendered":"Miel ecol\u00f3gica de Monn\u00e0ber Vell"},"content":{"rendered":"<h2>Caracter\u00edsticas sensoriales<\/h2>\n<h3>Aspecto visual<\/h3>\n<p>Color \u00e1mbar claro m\u00e1ximo 45 mm escala Pfund.<\/p>\n<h3>Aroma<\/h3>\n<p>Floral tenue, poco persistente.<\/p>\n<h3>Gusto<\/h3>\n<p>Dulce con notas picantes.<\/p>\n<h3>Tacto<\/h3>\n<p>Cristalizaci\u00f3n r\u00e1pida en cristales de dimensi\u00f3n muy fina.<\/p>\n<h2>Espectro pol\u00ednico<\/h2>\n<p>13,3% de aladierno (Rhamnus alaternus) como planta mel\u00edfera mayoritaria, 6,5% de cardo ( Galactites tomentosa), 4,4% de c\u00edtricos (Citrus spp.), 4,2% de mirto (Myrtus communis) y un 2% de leguminoses (Fabaceae) como plantas mel\u00edferas acompa\u00f1antes m\u00e1s representativas.<\/p>\n<h2>Origen geogr\u00e1fico<\/h2>\n<p>La possessi\u00f3 (finca r\u00fastica) de Monn\u00e0ber Vell est\u00e1 situada en el municipio de Campanet, al nordeste de Mallorca y en las faldas de la Sierra de Tramuntana, declarada Patrimonio Mundial por la UNESCO. Tiene una extensi\u00f3n de 160 hect\u00e1reas y lo que m\u00e1s llama la atenci\u00f3n del visitante son las casas que datan del siglo XIII y sus olivos centenarios que con el paso del tiempo se han convertido en obras de arte de la naturaleza.<\/p>\n<h2>Origen bot\u00e1nico<\/h2>\n<p>Monn\u00e0ber Vell destaca por su diversidad flor\u00edstica, tanto de vegetaci\u00f3n natural de monta\u00f1a como de cultivos de secano t\u00edpicos de la sierra, y por la actividad agraria tradicional que ha modelado y configurado el paisaje vegetal a lo largo de los siglos. La vegetaci\u00f3n predominante e interesante para las abejas son los tr\u00e9boles (Trifolium\/Lotus spp.), cardos (Galactite tomentosa), asf\u00f3delos (Asphodelus spp.), aliagas (Calicotome spinosa), aladiernos (Rhamnus alaternus) que presentan floraciones que pueden llegar a cubrir extensiones importantes de la finca. Tambi\u00e9n encontramos extensiones considerables de almendros (Prunus dulcis) y algarrobos (Ceratonia siliqua). El top\u00f3nimo Monn\u00e0ber deriva del \u00e1rabe y significa monta\u00f1a de flores.<\/p>\n","protected":false},"excerpt":{"rendered":"<p>Peso Neto <strong>450 g<\/strong><\/p>\n","protected":false},"featured_media":5607,"comment_status":"open","ping_status":"closed","template":"","meta":{"inline_featured_image":false},"product_brand":[],"product_cat":[102,186,193,198,194,220],"product_tag":[114],"class_list":{"0":"post-4110","1":"product","2":"type-product","3":"status-publish","4":"has-post-thumbnail","6":"product_cat-miel-ecologica","7":"product_cat-premi-medalla-or-2020","8":"product_cat-premi-medalla-or-2022","9":"product_cat-premi-medalla-or-2023","10":"product_cat-premi-medalla-plata-2023-2","11":"product_cat-premio-medalla-plata-2024","12":"product_tag-miel-clara","14":"first","15":"outofstock","16":"taxable","17":"shipping-taxable","18":"purchasable","19":"product-type-simple","20":"woo-variation-gallery-product"},"_links":{"self":[{"href":"https:\/\/melcaramel.com\/es\/wp-json\/wp\/v2\/product\/4110","targetHints":{"allow":["GET"]}}],"collection":[{"href":"https:\/\/melcaramel.com\/es\/wp-json\/wp\/v2\/product"}],"about":[{"href":"https:\/\/melcaramel.com\/es\/wp-json\/wp\/v2\/types\/product"}],"replies":[{"embeddable":true,"href":"https:\/\/melcaramel.com\/es\/wp-json\/wp\/v2\/comments?post=4110"}],"wp:featuredmedia":[{"embeddable":true,"href":"https:\/\/melcaramel.com\/es\/wp-json\/wp\/v2\/media\/5607"}],"wp:attachment":[{"href":"https:\/\/melcaramel.com\/es\/wp-json\/wp\/v2\/media?parent=4110"}],"wp:term":[{"taxonomy":"product_brand","embeddable":true,"href":"https:\/\/melcaramel.com\/es\/wp-json\/wp\/v2\/product_brand?post=4110"},{"taxonomy":"product_cat","embeddable":true,"href":"https:\/\/melcaramel.com\/es\/wp-json\/wp\/v2\/product_cat?post=4110"},{"taxonomy":"product_tag","embeddable":true,"href":"https:\/\/melcaramel.com\/es\/wp-json\/wp\/v2\/product_tag?post=4110"}],"curies":[{"name":"wp","href":"https:\/\/api.w.org\/{rel}","templated":true}]}}

Miel ecológica de Monnàber Vell

<h2>Características sensoriales</h2>
<h3>Aspecto visual</h3>
<p>Color ámbar claro máximo 45 mm escala Pfund.</p>
<h3>Aroma</h3>
<p>Floral tenue, poco persistente.</p>
<h3>Gusto</h3>
<p>Dulce con notas picantes.</p>
<h3>Tacto</h3>
<p>Cristalización rápida en cristales de dimensión muy fina.</p>
<h2>Espectro polínico</h2>
<p>13,3% de aladierno (Rhamnus alaternus) como planta melífera mayoritaria, 6,5% de cardo ( Galactites tomentosa), 4,4% de cítricos (Citrus spp.), 4,2% de mirto (Myrtus communis) y un 2% de leguminoses (Fabaceae) como plantas melíferas acompañantes más representativas.</p>
<h2>Origen geográfico</h2>
<p>La possessió (finca rústica) de Monnàber Vell está situada en el municipio de Campanet, al nordeste de Mallorca y en las faldas de la Sierra de Tramuntana, declarada Patrimonio Mundial por la UNESCO. Tiene una extensión de 160 hectáreas y lo que más llama la atención del visitante son las casas que datan del siglo XIII y sus olivos centenarios que con el paso del tiempo se han convertido en obras de arte de la naturaleza.</p>
<h2>Origen botánico</h2>
<p>Monnàber Vell destaca por su diversidad florística, tanto de vegetación natural de montaña como de cultivos de secano típicos de la sierra, y por la actividad agraria tradicional que ha modelado y configurado el paisaje vegetal a lo largo de los siglos. La vegetación predominante e interesante para las abejas son los tréboles (Trifolium/Lotus spp.), cardos (Galactite tomentosa), asfódelos (Asphodelus spp.), aliagas (Calicotome spinosa), aladiernos (Rhamnus alaternus) que presentan floraciones que pueden llegar a cubrir extensiones importantes de la finca. También encontramos extensiones considerables de almendros (Prunus dulcis) y algarrobos (Ceratonia siliqua). El topónimo Monnàber deriva del árabe y significa montaña de flores.</p>
