{"id":5280,"date":"2022-09-06T17:49:18","date_gmt":"2022-09-06T15:49:18","guid":{"rendered":"https:\/\/melcaramel.com\/?post_type=product&#038;p=5280"},"modified":"2025-09-17T21:47:12","modified_gmt":"2025-09-17T19:47:12","slug":"miel-ecologica-de-mosset","status":"publish","type":"product","link":"https:\/\/melcaramel.com\/es\/tienda\/miel-ecologica-de-mosset\/","title":{"rendered":"Miel ecol\u00f3gica de Mosset"},"content":{"rendered":"<h2>Caracter\u00edsticas sensoriales<\/h2>\n<h3>Aspecto visual<\/h3>\n<p>Color \u00e1mbar claro m\u00e1ximo 45 mm. Pfund. <\/p>\n<h3>Aroma<\/h3>\n<p>Floral tenue, persistencia media.<\/p>\n<h3>Gusto<\/h3>\n<p>Dulce con notas \u00e1cidas.<\/p>\n<h3>Tacto<\/h3>\n<p>Cristalizaci\u00f3n r\u00e1pida y en cristales de tama\u00f1o muy fino.<\/p>\n<h2>Espectro pol\u00ednico<\/h2>\n<p>55% de aladierno (Rhamnus alaternus) como planta mel\u00edfera mayoritaria, 17,2% de hiniesta (Genista sp.), 6,9% de arveja (Vicia sp.), 3,4% de romero (Rosmarinus officianalis), 3,4 % de viborera (Echium sp.), y 2,1% de zarzamora (Rubus sp.) como plantas mel\u00edferas acompa\u00f1antes m\u00e1s representativas.<\/p>\n<h2>Origen geogr\u00e1fico<\/h2>\n<p>La possessi\u00f3 (finca r\u00fastica) de Mosset est\u00e1 situada en el t\u00e9rmino de Escorca, al norte de Mallorca y en el coraz\u00f3n de la Sierra de Tramuntana, declarada Patrimonio Mundial por la Unesco. Tiene una extensi\u00f3n de 71 hect\u00e1reas y las caracter\u00edsticas m\u00e1s relevantes de la finca son: el agreste y particular paisaje calc\u00e1reo formado por los elementos atmosf\u00e9ricos y su entorno monta\u00f1oso, con el Puig Roig en primer plano, el Puig Tomir al fondo y el Puig Major como techo de la Tramuntana. <\/p>\n<h2>Origen bot\u00e1nico<\/h2>\n<p>Mosset es un lugar particular, \u00fanico en sus caracter\u00edsticas, a causa del microclima que genera la altura y la geomorfolog\u00eda. Algunas de las especies vegetales presentes en la finca e interesantes para las abejas son: los aladiernos (Rhamnus alaternus), las hiniestas (Genista sp.), romeros (Rosmarinus officinalis) o asf\u00f3delos (Asphodelus spp.). Tambi\u00e9n destacan una serie de formaciones vegetales como las jaras blancas (Cistus albidus), jaguarzos negros (Cistus monspeliensis), zarzamoras (Rubus sp.), brezos de invierno (Erica multiflora) y el bosque de encinas (Quercus ilex.), que configuran su paisaje forestal m\u00e1s representativo. <\/p>\n","protected":false},"excerpt":{"rendered":"<p>Peso Neto <strong>450 g<\/strong><\/p>\n","protected":false},"featured_media":5610,"comment_status":"open","ping_status":"closed","template":"","meta":{"inline_featured_image":false},"product_brand":[],"product_cat":[102,189,194,220],"product_tag":[114],"class_list":{"0":"post-5280","1":"product","2":"type-product","3":"status-publish","4":"has-post-thumbnail","6":"product_cat-miel-ecologica","7":"product_cat-premi-medalla-or-2021","8":"product_cat-premi-medalla-plata-2023-2","9":"product_cat-premio-medalla-plata-2024","10":"product_tag-miel-clara","12":"first","13":"outofstock","14":"taxable","15":"shipping-taxable","16":"purchasable","17":"product-type-simple","18":"woo-variation-gallery-product"},"_links":{"self":[{"href":"https:\/\/melcaramel.com\/es\/wp-json\/wp\/v2\/product\/5280","targetHints":{"allow":["GET"]}}],"collection":[{"href":"https:\/\/melcaramel.com\/es\/wp-json\/wp\/v2\/product"}],"about":[{"href":"https:\/\/melcaramel.com\/es\/wp-json\/wp\/v2\/types\/product"}],"replies":[{"embeddable":true,"href":"https:\/\/melcaramel.com\/es\/wp-json\/wp\/v2\/comments?post=5280"}],"wp:featuredmedia":[{"embeddable":true,"href":"https:\/\/melcaramel.com\/es\/wp-json\/wp\/v2\/media\/5610"}],"wp:attachment":[{"href":"https:\/\/melcaramel.com\/es\/wp-json\/wp\/v2\/media?parent=5280"}],"wp:term":[{"taxonomy":"product_brand","embeddable":true,"href":"https:\/\/melcaramel.com\/es\/wp-json\/wp\/v2\/product_brand?post=5280"},{"taxonomy":"product_cat","embeddable":true,"href":"https:\/\/melcaramel.com\/es\/wp-json\/wp\/v2\/product_cat?post=5280"},{"taxonomy":"product_tag","embeddable":true,"href":"https:\/\/melcaramel.com\/es\/wp-json\/wp\/v2\/product_tag?post=5280"}],"curies":[{"name":"wp","href":"https:\/\/api.w.org\/{rel}","templated":true}]}}

Miel ecológica de Mosset

<h2>Características sensoriales</h2>
<h3>Aspecto visual</h3>
<p>Color ámbar claro máximo 45 mm. Pfund. </p>
<h3>Aroma</h3>
<p>Floral tenue, persistencia media.</p>
<h3>Gusto</h3>
<p>Dulce con notas ácidas.</p>
<h3>Tacto</h3>
<p>Cristalización rápida y en cristales de tamaño muy fino.</p>
<h2>Espectro polínico</h2>
<p>55% de aladierno (Rhamnus alaternus) como planta melífera mayoritaria, 17,2% de hiniesta (Genista sp.), 6,9% de arveja (Vicia sp.), 3,4% de romero (Rosmarinus officianalis), 3,4 % de viborera (Echium sp.), y 2,1% de zarzamora (Rubus sp.) como plantas melíferas acompañantes más representativas.</p>
<h2>Origen geográfico</h2>
<p>La possessió (finca rústica) de Mosset está situada en el término de Escorca, al norte de Mallorca y en el corazón de la Sierra de Tramuntana, declarada Patrimonio Mundial por la Unesco. Tiene una extensión de 71 hectáreas y las características más relevantes de la finca son: el agreste y particular paisaje calcáreo formado por los elementos atmosféricos y su entorno montañoso, con el Puig Roig en primer plano, el Puig Tomir al fondo y el Puig Major como techo de la Tramuntana. </p>
<h2>Origen botánico</h2>
<p>Mosset es un lugar particular, único en sus características, a causa del microclima que genera la altura y la geomorfología. Algunas de las especies vegetales presentes en la finca e interesantes para las abejas son: los aladiernos (Rhamnus alaternus), las hiniestas (Genista sp.), romeros (Rosmarinus officinalis) o asfódelos (Asphodelus spp.). También destacan una serie de formaciones vegetales como las jaras blancas (Cistus albidus), jaguarzos negros (Cistus monspeliensis), zarzamoras (Rubus sp.), brezos de invierno (Erica multiflora) y el bosque de encinas (Quercus ilex.), que configuran su paisaje forestal más representativo. </p>
