{"id":6681,"date":"2025-01-27T13:19:58","date_gmt":"2025-01-27T12:19:58","guid":{"rendered":"https:\/\/melcaramel.com\/shop\/miel-ecologica-de-fartaritx\/"},"modified":"2026-02-01T09:27:17","modified_gmt":"2026-02-01T08:27:17","slug":"miel-ecologica-de-fartaritx","status":"publish","type":"product","link":"https:\/\/melcaramel.com\/es\/tienda\/miel-ecologica-de-fartaritx\/","title":{"rendered":"Miel ecol\u00f3gica de Fart\u00e1ritx"},"content":{"rendered":"<h2>Caracter\u00edsticas sensoriales<\/h2>\n<h3>Aspecto visual<\/h3>\n<p>Color \u00e1mbar claro m\u00e1ximo 85 mm. Pfund. Pfund.<\/p>\n<h3>Aroma<\/h3>\n<p>Floral tenue, persistencia media.<\/p>\n<h3>Gusto<\/h3>\n<p>Dulce con ligeras notas \u00e1cidas.<\/p>\n<h3>Tacto<\/h3>\n<p>Cristalizaci\u00f3n r\u00e1pida y en cristales de tama\u00f1o fino.<\/p>\n<h2>Espectro pol\u00ednico<\/h2>\n<p>40,7% de aladierno (Rhamnus alaternus) como planta mel\u00edfera mayoritaria, 24,9% de retama (Genista spp), 11,3% de espino blanco (Crataegus sp), 8,1% de arveja (Vicia spp), 5,4% de hinojo (Foeniculum spp), 3,6% de lili\u00e1ceas (Liliaceae) y 1,8% de tomillo (Thymus spp) como plantas mel\u00edferas acompa\u00f1antes m\u00e1s representativas.<\/p>\n<h2>Origen geogr\u00e1fico<\/h2>\n<p>Fart\u00e0ritx est\u00e1 situado en el t\u00e9rmino de Pollen\u00e7a, al noroeste de Mallorca y a los pies de la Sierra de Tramuntana, declarada Patrimonio Mundial de la UNESCO. Tiene una superficie de 200 ha y lo que destaca del lugar es su meseta elevada a la sombra del Puig del Ca de Miner, dejando a un lado la Cuculla de Fart\u00e0ritx, y al otro, la mola del Puig Tomir. Sobre todo destaca su balc\u00f3n sobre el valle de March.<\/p>\n<h2>Origen bot\u00e1nico<\/h2>\n<p>Fart\u00e0ritx est\u00e1 llena de ambientes de dimensiones reducidas y microh\u00e1bitats de dif\u00edcil acceso. Hecho que condiciona que se puedan encontrar formas vegetales como los aladiernos (Rhamnus alaternus), las retamas (Genista spp), los espinos blancos (Crataegus sp), los brezos (Erica multiflora), los romeros (Rosmarinus officinalis), las encinas (Quercus ilex), los hinojos (foeniculum spp), las arvejas (Vicia spp), las lili\u00e1ceas (Liliaceae) y en las tierras f\u00e9rtiles encontramos las zullas (Hedysarum coronarium), los tomillos (Thymus vulgaris) y las facelias (Phacelia tanacetifolia) que completan el escenario floral de Fart\u00e0ritx.<\/p>\n","protected":false},"excerpt":{"rendered":"<p>Peso Neto <strong>450 g<\/strong><\/p>\n","protected":false},"featured_media":6540,"comment_status":"open","ping_status":"closed","template":"","meta":{"inline_featured_image":false},"product_brand":[],"product_cat":[102,212,220],"product_tag":[114],"class_list":{"0":"post-6681","1":"product","2":"type-product","3":"status-publish","4":"has-post-thumbnail","6":"product_cat-miel-ecologica","7":"product_cat-premi-medalla-or-2024","8":"product_cat-premio-medalla-plata-2024","9":"product_tag-miel-clara","11":"first","12":"outofstock","13":"taxable","14":"shipping-taxable","15":"purchasable","16":"product-type-simple","17":"woo-variation-gallery-product"},"_links":{"self":[{"href":"https:\/\/melcaramel.com\/es\/wp-json\/wp\/v2\/product\/6681","targetHints":{"allow":["GET"]}}],"collection":[{"href":"https:\/\/melcaramel.com\/es\/wp-json\/wp\/v2\/product"}],"about":[{"href":"https:\/\/melcaramel.com\/es\/wp-json\/wp\/v2\/types\/product"}],"replies":[{"embeddable":true,"href":"https:\/\/melcaramel.com\/es\/wp-json\/wp\/v2\/comments?post=6681"}],"wp:featuredmedia":[{"embeddable":true,"href":"https:\/\/melcaramel.com\/es\/wp-json\/wp\/v2\/media\/6540"}],"wp:attachment":[{"href":"https:\/\/melcaramel.com\/es\/wp-json\/wp\/v2\/media?parent=6681"}],"wp:term":[{"taxonomy":"product_brand","embeddable":true,"href":"https:\/\/melcaramel.com\/es\/wp-json\/wp\/v2\/product_brand?post=6681"},{"taxonomy":"product_cat","embeddable":true,"href":"https:\/\/melcaramel.com\/es\/wp-json\/wp\/v2\/product_cat?post=6681"},{"taxonomy":"product_tag","embeddable":true,"href":"https:\/\/melcaramel.com\/es\/wp-json\/wp\/v2\/product_tag?post=6681"}],"curies":[{"name":"wp","href":"https:\/\/api.w.org\/{rel}","templated":true}]}}

Miel ecológica de Fartáritx

<h2>Características sensoriales</h2>
<h3>Aspecto visual</h3>
<p>Color ámbar claro máximo 85 mm. Pfund. Pfund.</p>
<h3>Aroma</h3>
<p>Floral tenue, persistencia media.</p>
<h3>Gusto</h3>
<p>Dulce con ligeras notas ácidas.</p>
<h3>Tacto</h3>
<p>Cristalización rápida y en cristales de tamaño fino.</p>
<h2>Espectro polínico</h2>
<p>40,7% de aladierno (Rhamnus alaternus) como planta melífera mayoritaria, 24,9% de retama (Genista spp), 11,3% de espino blanco (Crataegus sp), 8,1% de arveja (Vicia spp), 5,4% de hinojo (Foeniculum spp), 3,6% de liliáceas (Liliaceae) y 1,8% de tomillo (Thymus spp) como plantas melíferas acompañantes más representativas.</p>
<h2>Origen geográfico</h2>
<p>Fartàritx está situado en el término de Pollença, al noroeste de Mallorca y a los pies de la Sierra de Tramuntana, declarada Patrimonio Mundial de la UNESCO. Tiene una superficie de 200 ha y lo que destaca del lugar es su meseta elevada a la sombra del Puig del Ca de Miner, dejando a un lado la Cuculla de Fartàritx, y al otro, la mola del Puig Tomir. Sobre todo destaca su balcón sobre el valle de March.</p>
<h2>Origen botánico</h2>
<p>Fartàritx está llena de ambientes de dimensiones reducidas y microhábitats de difícil acceso. Hecho que condiciona que se puedan encontrar formas vegetales como los aladiernos (Rhamnus alaternus), las retamas (Genista spp), los espinos blancos (Crataegus sp), los brezos (Erica multiflora), los romeros (Rosmarinus officinalis), las encinas (Quercus ilex), los hinojos (foeniculum spp), las arvejas (Vicia spp), las liliáceas (Liliaceae) y en las tierras fértiles encontramos las zullas (Hedysarum coronarium), los tomillos (Thymus vulgaris) y las facelias (Phacelia tanacetifolia) que completan el escenario floral de Fartàritx.</p>
