{"id":7050,"date":"2025-09-11T13:52:49","date_gmt":"2025-09-11T11:52:49","guid":{"rendered":"https:\/\/melcaramel.com\/?post_type=product&#038;p=7050"},"modified":"2025-11-09T10:23:25","modified_gmt":"2025-11-09T09:23:25","slug":"miel-ecologica-de-es-rafal-de-planicia-copia","status":"publish","type":"product","link":"https:\/\/melcaramel.com\/es\/tienda\/miel-ecologica-de-es-rafal-de-planicia-copia\/","title":{"rendered":"Miel ecol\u00f3gica de Son Creus"},"content":{"rendered":"<h2>Caracter\u00edsticas sensoriales<\/h2>\n<h3>Aspecto visual<\/h3>\n<p>Color \u00e1mbar muy oscuro casi negro, m\u00ednimo 90 mm Pfund.<\/p>\n<h3>Aroma<\/h3>\n<p>Floral y claramente malteado, muy intenso y persistente.<\/p>\n<h3>Gusto<\/h3>\n<p>Dulce con notas saladas por las aportaciones de mielatos.<\/p>\n<h3>Tacto<\/h3>\n<p>Cristalizaci\u00f3n muy lenta o no cristaliza.<\/p>\n<h2>Espectro pol\u00ednico<\/h2>\n<p>32,4 % de retama (Genista sp.) como planta mel\u00edfera mayoritaria, 31 % de rabaniza (Raphanus sp.), 15,3 % de arveja (Vicia sp.), 11,1 % de espino blanco (Crataegus sp.) y 5,6 % de hinojo (Foeniculum sp.) como plantas mel\u00edferas o polin\u00edferas acompa\u00f1antes m\u00e1s representativas.<\/p>\n<h2>Origen geogr\u00e1fico<\/h2>\n<p>La posesi\u00f3n de Son Creus est\u00e1 situada en Banyalbufar, al oeste de la isla de Mallorca y se enmarca en el paraje de la Sierra de Tramuntana declarada por la UNESCO Patrimonio Mundial. Tiene una superficie de 23 ha y sus rasgos singulares son la presencia de bancales y canalones de agua que nos hablan de su pasado hort\u00edcola, su orograf\u00eda accidentada con la Mola de Plan\u00edcia, la Serra d\u2019en Sec y el Puig de s\u2019Argenter que la rodean, y sus impresionantes vistas de la Serra de Tramuntana con el mar de fondo. <\/p>\n<h2>Origen bot\u00e1nico<\/h2>\n<p>En Son Creus se conforman h\u00e1bitats t\u00edpicos de monta\u00f1a que son dif\u00edcilmente observables en otros lugares de Mallorca. Desde el punto de vista ap\u00edcola destacan las siguientes plantas mel\u00edferas o polin\u00edferas: las retamas (Genista sp.), los r\u00e1banos (Raphanuss sp.), las arvejas (Vicia spp.), los espinos blancos (Crataegus sp.), los hinojos (Foeniculum sp.), las encinas (Quercus ilex), los brezos (Erica multiflora), los romeros (Rosmarinus officinalis) y los madro\u00f1os (Arbutus uneda) como especies vegetales caracter\u00edsticas de los ecosistemas monta\u00f1osos mediterr\u00e1neos. <\/p>\n","protected":false},"excerpt":{"rendered":"<p>Peso Neto <strong>450 g<\/strong><\/p>\n","protected":false},"featured_media":7071,"comment_status":"open","ping_status":"closed","template":"","meta":{"inline_featured_image":false},"product_brand":[],"product_cat":[102,220],"product_tag":[113],"class_list":{"0":"post-7050","1":"product","2":"type-product","3":"status-publish","4":"has-post-thumbnail","6":"product_cat-miel-ecologica","7":"product_cat-premio-medalla-plata-2024","8":"product_tag-miel-oscura","10":"first","11":"outofstock","12":"taxable","13":"shipping-taxable","14":"purchasable","15":"product-type-simple","16":"woo-variation-gallery-product"},"_links":{"self":[{"href":"https:\/\/melcaramel.com\/es\/wp-json\/wp\/v2\/product\/7050","targetHints":{"allow":["GET"]}}],"collection":[{"href":"https:\/\/melcaramel.com\/es\/wp-json\/wp\/v2\/product"}],"about":[{"href":"https:\/\/melcaramel.com\/es\/wp-json\/wp\/v2\/types\/product"}],"replies":[{"embeddable":true,"href":"https:\/\/melcaramel.com\/es\/wp-json\/wp\/v2\/comments?post=7050"}],"wp:featuredmedia":[{"embeddable":true,"href":"https:\/\/melcaramel.com\/es\/wp-json\/wp\/v2\/media\/7071"}],"wp:attachment":[{"href":"https:\/\/melcaramel.com\/es\/wp-json\/wp\/v2\/media?parent=7050"}],"wp:term":[{"taxonomy":"product_brand","embeddable":true,"href":"https:\/\/melcaramel.com\/es\/wp-json\/wp\/v2\/product_brand?post=7050"},{"taxonomy":"product_cat","embeddable":true,"href":"https:\/\/melcaramel.com\/es\/wp-json\/wp\/v2\/product_cat?post=7050"},{"taxonomy":"product_tag","embeddable":true,"href":"https:\/\/melcaramel.com\/es\/wp-json\/wp\/v2\/product_tag?post=7050"}],"curies":[{"name":"wp","href":"https:\/\/api.w.org\/{rel}","templated":true}]}}

Miel ecológica de Son Creus

<h2>Características sensoriales</h2>
<h3>Aspecto visual</h3>
<p>Color ámbar muy oscuro casi negro, mínimo 90 mm Pfund.</p>
<h3>Aroma</h3>
<p>Floral y claramente malteado, muy intenso y persistente.</p>
<h3>Gusto</h3>
<p>Dulce con notas saladas por las aportaciones de mielatos.</p>
<h3>Tacto</h3>
<p>Cristalización muy lenta o no cristaliza.</p>
<h2>Espectro polínico</h2>
<p>32,4 % de retama (Genista sp.) como planta melífera mayoritaria, 31 % de rabaniza (Raphanus sp.), 15,3 % de arveja (Vicia sp.), 11,1 % de espino blanco (Crataegus sp.) y 5,6 % de hinojo (Foeniculum sp.) como plantas melíferas o poliníferas acompañantes más representativas.</p>
<h2>Origen geográfico</h2>
<p>La posesión de Son Creus está situada en Banyalbufar, al oeste de la isla de Mallorca y se enmarca en el paraje de la Sierra de Tramuntana declarada por la UNESCO Patrimonio Mundial. Tiene una superficie de 23 ha y sus rasgos singulares son la presencia de bancales y canalones de agua que nos hablan de su pasado hortícola, su orografía accidentada con la Mola de Planícia, la Serra d’en Sec y el Puig de s’Argenter que la rodean, y sus impresionantes vistas de la Serra de Tramuntana con el mar de fondo. </p>
<h2>Origen botánico</h2>
<p>En Son Creus se conforman hábitats típicos de montaña que son difícilmente observables en otros lugares de Mallorca. Desde el punto de vista apícola destacan las siguientes plantas melíferas o poliníferas: las retamas (Genista sp.), los rábanos (Raphanuss sp.), las arvejas (Vicia spp.), los espinos blancos (Crataegus sp.), los hinojos (Foeniculum sp.), las encinas (Quercus ilex), los brezos (Erica multiflora), los romeros (Rosmarinus officinalis) y los madroños (Arbutus uneda) como especies vegetales características de los ecosistemas montañosos mediterráneos. </p>
